. Calculate the highest common factor of 3 and z.
3
Let n(w) = -w**2 + 24*w - 30. Let v be n(12). Let m = -106 + v. Calculate the highest common divisor of 10 and m.
2
Let c(z) = -266*z - 1. Let r be c(-1). Let x = r + -139. Suppose -2*h = h - x. What is the greatest common factor of h and 6?
6
Let d = 489 + -409. What is the greatest common divisor of 320 and d?
80
Let n(w) = -2*w**3 - 8*w**2 + 6*w - 7. Let c be n(-8). Suppose 82 = 7*t - c. Calculate the highest common divisor of 11 and t.
11
Suppose 3*l = -2*b + 9 - 2, -2*b - 5*l = -1. Let s be 12/b + 15/6. Calculate the highest common factor of s and 36.
4
Suppose 0 = h - 2*x + 2 + 4, 5*x = -4*h + 28. Suppose 2*g - 5*g = 3*l - 111, 0 = 3*l + h*g - 114. Calculate the highest common divisor of l and 280.
40
Suppose -j = -0*j - 3. Suppose -7 = -5*q + j. Let p be q/(-6) - (-337)/3. Calculate the highest common divisor of p and 16.
16
Let h = 472 + -451. Suppose 4*j + r - 116 = 0, -r = -2*r + 4. What is the highest common divisor of h and j?
7
Let n be (12/3 - 6)*1235/(-10). What is the highest common factor of n and 143?
13
Let m be (-4 - -5)/(2/(-26)). Let z = 25 + m. Let r(k) = 2*k**2 + k - 3. Let s be r(-3). What is the greatest common factor of z and s?
12
Suppose -5*n - 5*x - 15 = 0, 0 = -4*n + 3*x + 10 - 50. Let v be n/2*(-2 + 0). Let z = 3602 + -3525. Calculate the highest common divisor of v and z.
7
Let v be -2 + -36 + 9/3. Let s = -18 - v. Suppose s = z - 23. What is the greatest common factor of 10 and z?
10
Let w(c) = c - 6. Let g be w(18). Suppose 0 = 6*a - 0*a - g. Suppose 3*m = -a*m + 10. What is the highest common factor of 16 and m?
2
Suppose -3*u = 4*y - 186, u - 61 = -3*y + 81. Calculate the highest common factor of 4272 and y.
48
Let z(t) = t - 20. Let v be z(13). Let j(p) = 2*p**2 - 10. Let k be j(v). Calculate the greatest common divisor of k and 8.
8
Let j(m) = -11*m - 316. Let d be j(-32). What is the highest common factor of d and 8?
4
Suppose -2*l + 17 = -3. Let z = 60 - 66. Let c be (2*-6 + -3)*z. Calculate the highest common divisor of l and c.
10
Let y(o) = -o + 52. Let u be y(-32). What is the greatest common factor of u and 24?
12
Suppose -p = -4*f + 7*f - 28, 0 = 4*p + 5*f - 112. Calculate the greatest common factor of 196 and p.
28
Suppose -3*t + 9*b = 4*b - 101, 5*b = t - 17. What is the greatest common factor of 448 and t?
14
Let c be (-2)/7 - (-366)/7. Suppose -6*y = -12*y - 306. Let f be (-1)/((-27)/(-663) - (-6)/y). Calculate the highest common factor of f and c.
13
Let m(o) = 11*o + 24. Let c be 2 - 3/(6/(-4)). Let k be m(c). What is the highest common factor of k and 17?
17
Let k(w) = -5*w - 75. Let g be k(-16). What is the greatest common divisor of g and 20?
5
Let b be 0 + -2 + 20 + -2. Suppose 5*u + 3*d = -2*d + 50, d - 30 = -5*u. Suppose 4*x = 6 - 2, -2*f = u*x - 53. What is the greatest common factor of f and b?
8
Let b = -24 + 27. Let k(m) = -m - 5. Let p be k(-8). Calculate the greatest common divisor of p and b.
3
Suppose -7*j + 33345 = 32*j. Calculate the highest common divisor of 45 and j.
45
Suppose y = -2*y + 1596. Let w be (-1)/(y/(-132) + 4). Let r(m) = m**2 - 8*m + 10. Let p be r(7). What is the highest common factor of w and p?
3
Let j = -236 + 366. Suppose 10*p + 3*p - j = 0. What is the greatest common factor of 190 and p?
10
Let a be -4*3/12*-22. Calculate the greatest common factor of a and 33.
11
Let d = 43 + -19. Let m(l) = -l**3 + 9*l**2 + 15*l - 4. Let u be m(10). Let r = u + -30. Calculate the highest common factor of d and r.
8
Let t(p) = -p**3 - 7*p**2 - 7*p + 4. Let x be t(-6). Let l be 15/(-12)*(-14 - -10). Calculate the greatest common divisor of l and x.
5
Let m(l) = l + 11. Let r be m(-6). Let k be (30/7 - r)*-7. Calculate the highest common divisor of k and 2.
1
Let j be (-5 - 1)/(19416/(-1140) + 17). What is the greatest common divisor of 152 and j?
38
Let c(j) = -3*j - 14. Let b be c(-5). Suppose 7 = 5*s - 4*n, -2*s = -2*n + n - 4. What is the greatest common divisor of b and s?
1
Let s be (336/32)/(3/40). What is the greatest common divisor of s and 35?
35
Let t = 17 + -5. Suppose 10*b + 148 = 6*b. Let h = -19 - b. Calculate the highest common factor of t and h.
6
Suppose -4*j + 81 = 5*g, -4*j = -2*g + 34 + 4. Let y = g - 13. Let k be y/10 + (-13)/(-5). Calculate the greatest common factor of k and 2.
1
Let v be 19 + -22 + 1*3 - -64. Let r(y) = -2*y + 4. Let n be r(-6). Suppose 0*j = j - n. Calculate the greatest common divisor of v and j.
16
Suppose 112 = 5*r - 3*r. Let v(a) = -2*a**3 + 14*a**2 - 8*a - 13. Let u be v(6). Let g = u - 3. Calculate the highest common factor of r and g.
8
Let k(u) = -31*u - 301. Let y be k(-10). What is the highest common factor of 24 and y?
3
Let s = -3 + 7. Let a be (4/6)/(s/30). Suppose -2*h + 1 = -h + a*d, 2*h = d + 2. Calculate the greatest common factor of 4 and h.
1
Let w = 24 - 13. Suppose -3*s - 2 = 5*a - 10, s - 4*a = -3. Calculate the greatest common factor of w and s.
1
Suppose -i = 5*o - 48, 1 = 3*o - 8. Suppose 9 = -2*y + i. What is the greatest common factor of 36 and y?
12
Let v(s) = 47*s - 1. Let l be v(1). Let a be -38 - ((-12)/48)/(2/16). Let o = l + a. What is the highest common divisor of 70 and o?
10
Let j = -262 - -265. Calculate the greatest common divisor of 123 and j.
3
Let v = 51 - 25. Let b = v - 10. Let n be (13 - b)*(-5)/3. What is the greatest common divisor of 25 and n?
5
Suppose -4*t + 46 = -2*t. Let j = 81 - t. What is the highest common divisor of j and 522?
58
Let g(p) = -p + 10. Let c be g(4). Suppose c = 3*x, 2*x = 3*t - 2*t - 11. What is the highest common factor of t and 35?
5
Suppose -4*f + 3*m = -453, -101*f - 2*m + 361 = -98*f. Let z = -21 + 34. Calculate the greatest common divisor of z and f.
13
Let n be 1 + 30/(-42) + (-7972)/(-28). What is the greatest common divisor of n and 665?
95
Suppose 3*w - 28 = -10. Let c = 13 - w. Suppose -z = -4*g - 81, -2*z - 3*g + 250 - 99 = 0. Calculate the highest common factor of z and c.
7
Suppose 0 = j + 4*v + 32, 3*j - 2*v + 50 = 10. Let a = 18 + j. Calculate the greatest common divisor of 2 and a.
2
Suppose -12*a + 15*a + 2*l - 41 = 0, -5*a = -2*l - 63. What is the greatest common divisor of a and 91?
13
Suppose 0 = 2*f + 14 - 4, -f + 391 = 4*c. Let y be 20/(-6) + (-2)/3. Let k be (-10)/y*(-18)/(-5). Calculate the highest common divisor of c and k.
9
Suppose -3*p + 123 = 2*x, 3*p + x - 63 = 57. What is the greatest common divisor of 1053 and p?
39
Let x(w) = 6*w**2 + 2. Let f be (-24)/180 - (-43)/(-15). Let m be x(f). Calculate the greatest common divisor of m and 14.
14
Let z(o) = 4*o**2 - 11*o + 17. Let w be z(4). Calculate the greatest common divisor of w and 481.
37
Let a be -14*(-6 + (-54)/(-7))*-36. What is the greatest common factor of 32 and a?
32
Let f be -3*940/90*(-9)/2. What is the highest common divisor of 235 and f?
47
Let h be (-10)/((-6)/(48/40)). Let r be (2/3)/((-2)/(-15)). Suppose 6*t - 10 = -r*a + t, 3*t = -12. Calculate the highest common divisor of a and h.
2
Let l be 15/(-3)*(-2 + 4 + -3). Suppose -75 = l*q - 10*q. Calculate the highest common divisor of 165 and q.
15
Suppose 0 = 58*u - 62559 - 55935. What is the highest common divisor of 9 and u?
9
Let f(i) = i**2 - 6*i - 6. Let s be f(5). Let n be -56 - (4 - (-60)/(-5)). Let h be s/(-4) - n/(-64). What is the highest common factor of h and 10?
2
Let y be (1 + 33)/(4/12). Suppose y = s + 22. Let m be 3/(-4)*7360/(-552). Calculate the highest common factor of s and m.
10
Let g be 22/66 + (-4)/(-6). Let p be (-1)/(g + (-20)/16). Suppose -3*m - 3*o + 6 + 15 = 0, -o - 23 = -p*m. What is the highest common divisor of 42 and m?
6
Let k(a) = -9*a - 9*a - 22 + 11*a - 24. Let i be k(-9). What is the greatest common divisor of i and 68?
17
Let i be (-1)/(876/220 + -4). Suppose 0 = b - i + 15. Calculate the greatest common factor of b and 5.
5
Let d = -61 - -124. What is the greatest common divisor of d and 9?
9
Suppose 0 = -5*i + 3*i - 5*n + 764, -2*n - 1165 = -3*i. Calculate the greatest common factor of 86 and i.
43
Let l = -15 + 18. Suppose -l*j + 250 + 19 = 2*r, 347 = 4*j + 5*r. Let t be (0 + -4 - -5)*j. Calculate the highest common factor of t and 62.
31
Let j(x) = -402*x - 38. Let i be j(-1). What is the highest common divisor of 39 